rs of 284?
2, 71
List the prime factors of 22122.
2, 3, 1229
What are the prime factors of 133932?
2, 3, 11161
List the prime factors of 2151.
3, 239
List the prime factors of 2333.
2333
What are the prime factors of 2804?
2, 701
List the prime factors of 9950.
2, 5, 199
List the prime factors of 18965.
5, 3793
List the prime factors of 174273.
3, 11, 5281
List the prime factors of 10156.
2, 2539
List the prime factors of 868.
2, 7, 31
List the prime factors of 2703.
3, 17, 53
List the prime factors of 10107.
3, 1123
What are the prime factors of 81116?
2, 7, 2897
List the prime factors of 14013.
3, 173
List the prime factors of 21267.
3, 17, 139
List the prime factors of 2631.
3, 877
What are the prime factors of 875?
5, 7
List the prime factors of 93046.
2, 46523
What are the prime factors of 284?
2, 71
List the prime factors of 18438.
2, 3, 7, 439
List the prime factors of 16540.
2, 5, 827
What are the prime factors of 64629?
3, 43, 167
List the prime factors of 2575.
5, 103
List the prime factors of 127912.
2, 59, 271
List the prime factors of 30869.
30869
List the prime factors of 1194.
2, 3, 199
What are the prime factors of 17689?
7, 19
List the prime factors of 14337.
3, 59
What are the prime factors of 12369?
3, 7, 19, 31
List the prime factors of 61751.
61751
What are the prime factors of 84806?
2, 42403
List the prime factors of 4723.
4723
What are the prime factors of 835?
5, 167
What are the prime factors of 3986?
2, 1993
List the prime factors of 779.
19, 41
What are the prime factors of 1172?
2, 293
What are the prime factors of 955?
5, 191
List the prime factors of 101391.
3, 33797
What are the prime factors of 80712?
2, 3, 19, 59
List the prime factors of 26932.
2, 6733
What are the prime factors of 331?
331
What are the prime factors of 17350?
2, 5, 347
What are the prime factors of 1526?
2, 7, 109
What are the prime factors of 332?
2, 83
List the prime factors of 79964.
2, 19991
List the prime factors of 20187.
3, 2243
List the prime factors of 936.
2, 3, 13
List the prime factors of 1533.
3, 7, 73
List the prime factors of 8498.
2, 7, 607
List the prime factors of 8366.
2, 47, 89
List the prime factors of 9040.
2, 5, 113
What are the prime factors of 80470?
2, 5, 13, 619
What are the prime factors of 6058?
2, 13, 233
What are the prime factors of 1392?
2, 3, 29
List the prime factors of 3109.
3109
List the prime factors of 1543.
1543
List the prime factors of 570.
2, 3, 5, 19
What are the prime factors of 141?
3, 47
List the prime factors of 12083.
43, 281
What are the prime factors of 4912?
2, 307
What are the prime factors of 5606?
2, 2803
What are the prime factors of 621?
3, 23
List the prime factors of 74.
2, 37
What are the prime factors of 3819?
3, 19, 67
List the prime factors of 10645.
5, 2129
List the prime factors of 593.
593
What are the prime factors of 1229?
1229
What are the prime factors of 13132?
2, 7, 67
List the prime factors of 101.
101
List the prime factors of 100718.
2, 50359
What are the prime factors of 2308?
2, 577
What are the prime factors of 106037?
107, 991
What are the prime factors of 8435?
5, 7, 241
List the prime factors of 454.
2, 227
List the prime factors of 5107.
5107
List the prime factors of 1554.
2, 3, 7, 37
List the prime factors of 128294.
2, 23, 2789
What are the prime factors of 64371?
3, 43, 499
List the prime factors of 2411.
2411
What are the prime factors of 578?
2, 17
What are the prime factors of 50811?
3, 16937
What are the prime factors of 21167?
61, 347
What are the prime factors of 3538?
2, 29, 61
List the prime factors of 4793.
4793
List the prime factors of 24966.
2, 3, 19, 73
List the prime factors of 7381.
11, 61
List the prime factors of 1030.
2, 5, 103
List the prime factors of 2061.
3, 229
What are the prime factors of 17817?
3, 5939
List the prime factors of 625.
5
What are the prime factors of 4808?
2, 601
List the prime factors of 1635.
3, 5, 109
What are the prime factors of 24862?
2, 31, 401
List the prime factors of 5498.
2, 2749
List the prime factors of 528.
2, 3, 11
List the prime factors of 74477.
13, 17, 337
List the prime factors of 2190.
2, 3, 5, 73
List the prime factors of 19193.
17, 1129
List the prime factors of 76.
2, 19
List the prime factors of 1997.
1997
What are the prime factors of 2733?
3, 911
List the prime factors of 1312.
2, 41
List the prime factors of 2606.
2, 1303
List the prime factors of 36117.
3, 4013
What are the prime factors of 1101?
3, 367
What are the prime factors of 771?
3, 257
What are the prime factors of 3395?
5, 7, 97
What are the prime factors of 4592?
2, 7, 41
What are the prime factors of 10817?
29, 373
List the prime factors of 19193.
17, 1129
What are the prime factors of 3956?
2, 23, 43
What are the prime factors of 2501?
41, 61
What are the prime factors of 12552?
2, 3, 523
List the prime factors of 2851.
2851
List the prime factors of 4146.
2, 3, 691
List the prime factors of 4137.
3, 7, 197
List the prime factors of 27319.
17, 1607
List the prime factors of 13449.
3, 4483
What are the prime factors of 7986?
2, 3, 11
List the prime factors of 40190.
2, 5, 4019
What are the prime factors of 3125?
5
What are the prime factors of 677?
677
List the prime factors of 1071.
3, 7, 17
List the prime factors of 87876.
2, 3, 2441
List the prime factors of 53.
53
List the prime factors of 309.
3, 103
What are the prime factors of 2212?
2, 7, 79
List the prime factors of 6082.
2, 3041
List the prime factors of 3489.
3, 1163
List the prime factors of 43157.
103, 419
List the prime factors of 120582.
2, 3, 7, 11, 29
What are the prime factors of 4180?
2, 5, 11, 19
What are the prime factors of 7502?
2, 11, 31
What are the prime factors of 304?
2, 19
What are the prime factors of 11538?
2, 3, 641
What are the prime factors of 3825?
3, 5, 17
List the prime factors of 53460.
2, 3, 5, 11
List the prime factors of 4658.
2, 17, 137
What are the prime factors of 11617?
11617
List the prime factors of 264.
2, 3, 11
List the prime factors of 1594.
2, 797
What are the prime factors of 68206?
2, 67, 509
What are the prime factors of 2061?
3, 229
List the prime factors of 109579.
109579
List the prime factors of 346.
2, 173
What are the prime factors of 2479?
37, 67
List the prime factors of 2025.
3, 5
What are the prime factors of 68189?
11, 6199
What are the prime factors of 6508?
2, 1627
What are the prime factors of 5511?
3, 11, 167
What are the prime factors of 16329?
3, 5443
List the prime factors of 2375.
5, 19
What are the prime factors of 6113?
6113
What are the prime factors of 34451?
47, 733
List the prime factors of 67856.
2, 4241
List the prime factors of 5820.
2, 3, 5, 97
List the prime factors of 1814.
2, 907
What are the prime factors of 1428?
2, 3, 7, 17
What are the prime factors of 31541?
31541
List the prime factors of 18623.
11, 1693
List the prime factors of 95604.
2, 3, 31, 257
List the prime factors of 48249.
3, 1787
What are the prime factors of 1713?
3, 571
List the prime factors of 2056.
2, 257
List the prime factors of 294.
2, 3, 7
What are the prime factors of 2375?
5, 19
List the prime factors of 1659.
3, 7, 79
List the prime factors of 447.
3, 149
What are the prime factors of 1624?
2, 7, 29
List the prime factors of 138385.
5, 13, 2129
What are the prime factors of 13316?
2, 3329
What are the prime factors of 86889?
3, 11, 2633
What are the prime factors of 1725?
3, 5, 23
List the prime factors of 157393.
157393
List the prime factors of 29183.
7, 11, 379
List the prime factors of 15555.
3, 5, 17, 61
What are the prime factors of 5160?
2, 3, 5, 43
What are the prime factors of 52416?
2, 3, 7, 13
List the prime factors of 14860.
2, 5, 743
List the prime factors of 24539.
53, 463
What are the prime factors of 117775?
5, 7, 673
List the prime factors of 94.
2, 47
What are the prime factors of 1170?
2, 3, 5, 13
List the prime factors of 269.
269
List the prime factors of 9704.
2, 1213
What are the prime factors of 9198?
2, 3, 7, 73
List the prime factors of 1776.
2, 3, 37
List the prime factors of 30584.
2, 3823
List the prime factors of 481.
13, 37
What are the prime factors of 140116?
2, 23, 1523
List the prime factors of 3298.
2, 17, 97
List the prime factors of 1955.
5, 17, 23
What are the prime factor